228 is divided by 1404?
1332
Calculate the remainder when 66003 is divided by 9426.
21
What is the remainder when 1031 is divided by 207?
203
What is the remainder when 26845 is divided by 484?
225
Calculate the remainder when 1452424 is divided by 325.
324
What is the remainder when 701182 is divided by 565?
17
Calculate the remainder when 3137739 is divided by 29.
26
Calculate the remainder when 5476 is divided by 24.
4
Calculate the remainder when 6056 is divided by 74.
62
Calculate the remainder when 72756 is divided by 256.
52
Calculate the remainder when 52086 is divided by 15.
6
Calculate the remainder when 74427 is divided by 25.
2
Calculate the remainder when 7597 is divided by 3795.
7
What is the remainder when 636173 is divided by 1122?
1121
Calculate the remainder when 46654 is divided by 502.
470
Calculate the remainder when 959299 is divided by 53.
52
Calculate the remainder when 9175 is divided by 18.
13
What is the remainder when 10426 is divided by 1266?
298
Calculate the remainder when 17722 is divided by 89.
11
Calculate the remainder when 27447 is divided by 253.
123
Calculate the remainder when 1281993 is divided by 3969.
6
What is the remainder when 65769 is divided by 411?
9
Calculate the remainder when 11237 is divided by 830.
447
What is the remainder when 3011 is divided by 239?
143
Calculate the remainder when 13472 is divided by 29.
16
Calculate the remainder when 36052 is divided by 1404.
952
Calculate the remainder when 13320 is divided by 998.
346
Calculate the remainder when 1325004 is divided by 55.
54
Calculate the remainder when 7251 is divided by 27.
15
What is the remainder when 63969 is divided by 63865?
104
Calculate the remainder when 6391 is divided by 1433.
659
What is the remainder when 1835 is divided by 589?
68
Calculate the remainder when 1557 is divided by 407.
336
What is the remainder when 6605 is divided by 32?
13
What is the remainder when 11488 is divided by 1137?
118
Calculate the remainder when 25972 is divided by 12932.
108
Calculate the remainder when 116899 is divided by 322.
13
Calculate the remainder when 1907 is divided by 210.
17
What is the remainder when 400 is divided by 134?
132
What is the remainder when 39773 is divided by 2485?
13
Calculate the remainder when 4975 is divided by 10.
5
Calculate the remainder when 2994 is divided by 510.
444
Calculate the remainder when 11885 is divided by 39.
29
What is the remainder when 211 is divided by 23?
4
What is the remainder when 628 is divided by 34?
16
What is the remainder when 12321 is divided by 169?
153
Calculate the remainder when 509 is divided by 498.
11
What is the remainder when 10633091 is divided by 12?
11
What is the remainder when 1081 is divided by 830?
251
What is the remainder when 13902 is divided by 1158?
6
What is the remainder when 74168 is divided by 4944?
8
What is the remainder when 87559 is divided by 35?
24
Calculate the remainder when 9843 is divided by 809.
135
What is the remainder when 4426 is divided by 34?
6
What is the remainder when 3040 is divided by 1510?
20
Calculate the remainder when 42739 is divided by 281.
27
What is the remainder when 62891 is divided by 36?
35
Calculate the remainder when 4808 is divided by 376.
296
What is the remainder when 6664 is divided by 62?
30
What is the remainder when 2664 is divided by 439?
30
Calculate the remainder when 694 is divided by 413.
281
Calculate the remainder when 21737 is divided by 14.
9
Calculate the remainder when 23677 is divided by 474.
451
What is the remainder when 17296 is divided by 5760?
16
What is the remainder when 2957 is divided by 118?
7
Calculate the remainder when 8145 is divided by 85.
70
What is the remainder when 5010 is divided by 190?
70
What is the remainder when 933297 is divided by 75?
72
What is the remainder when 78358 is divided by 1188?
1138
Calculate the remainder when 201187 is divided by 201173.
14
What is the remainder when 30431 is divided by 2340?
11
What is the remainder when 2733 is divided by 151?
15
Calculate the remainder when 54524 is divided by 25.
24
What is the remainder when 4414 is divided by 2162?
90
Calculate the remainder when 44527 is divided by 8897.
42
What is the remainder when 2766 is divided by 1?
0
Calculate the remainder when 25448 is divided by 5069.
103
What is the remainder when 1163388 is divided by 19?
18
Calculate the remainder when 1041622 is divided by 276.
274
What is the remainder when 195017 is divided by 70?
67
What is the remainder when 43885 is divided by 6?
1
Calculate the remainder when 5082 is divided by 270.
222
What is the remainder when 581372 is divided by 25?
22
Calculate the remainder when 8918 is divided by 42.
14
What is the remainder when 51076 is divided by 89?
79
Calculate the remainder when 16119 is divided by 33.
15
Calculate the remainder when 1603 is divided by 273.
238
Calculate the remainder when 17787 is divided by 8890.
7
What is the remainder when 777 is divided by 157?
149
What is the remainder when 3296 is divided by 2555?
741
Calculate the remainder when 17059 is divided by 244.
223
Calculate the remainder when 3358 is divided by 125.
108
Calculate the remainder when 43905 is divided by 123.
117
Calculate the remainder when 11476 is divided by 148.
80
What is the remainder when 329098 is divided by 793?
3
Calculate the remainder when 548291 is divided by 166.
159
Calculate the remainder when 15751 is divided by 31.
3
Calculate the remainder when 1077 is divided by 40.
37
What is the remainder when 30503 is divided by 10165?
8
Calculate the remainder when 39931 is divided by 170.
151
Calculate the remainder when 19245 is divided by 10.
5
Calculate the remainder when 2402 is divided by 1043.
316
Calculate the remainder when 43864 is divided by 22.
18
Calculate the remainder when 57152 is divided by 2483.
43
What is the remainder when 24829 is divided by 8223?
160
Calculate the remainder when 971 is divided by 79.
23
Calculate the remainder when 3457 is divided by 729.
541
Calculate the remainder when 20853 is divided by 10416.
21
What is the remainder when 4874 is divided by 172?
58
What is the remainder when 368 is divided by 272?
96
What is the remainder when 12583 is divided by 2254?
1313
What is the remainder when 18569 is divided by 2652?
5
Calculate the remainder when 66233 is divided by 66226.
7
Calculate the remainder when 3009 is divided by 1359.
291
What is the remainder when 1311 is divided by 931?
380
What is the remainder when 63541 is divided by 748?
709
What is the remainder when 193456 is divided by 114?
112
Calculate the remainder when 51988 is divided by 164.
0
What is the remainder when 1274 is divided by 80?
74
What is the remainder when 10836 is divided by 363?
309
Calculate the remainder when 187399 is divided by 12.
7
Calculate the remainder when 88770 is divided by 9.
3
Calculate the remainder when 68440 is divided by 77.
64
Calculate the remainder when 34107 is divided by 202.
171
What is the remainder when 13033 is divided by 6511?
11
Calculate the remainder when 81296 is divided by 271.
267
Calculate the remainder when 58551 is divided by 64.
55
What is the remainder when 240865 is divided by 217?
212
Calculate the remainder when 5170 is divided by 1542.
544
What is the remainder when 13923 is divided by 74?
11
What is the remainder when 18838 is divided by 4699?
42
What is the remainder when 359972 is divided by 119988?
8
Calculate the remainder when 130678 is divided by 586.
0
What is the remainder when 5522 is divided by 550?
22
Calculate the remainder when 171823 is divided by 148.
143
Calculate the remainder when 5154 is divided by 250.
154
Calculate the remainder when 10770 is divided by 3474.
348
What is the remainder when 110882 is divided by 956?
942
What is the remainder when 126 is divided by 81?
45
What is the remainder when 24633 is divided by 24163?
470
Calculate the remainder when 1597 is divided by 39.
37
What is the remainder when 71182 is divided by 115?
112
What is the remainder when 69400 is divided by 269?
267
What is the remainder when 2361 is divided by 254?
75
What is the remainder when 30949 is divided by 41?
35
What is the remainder when 916319 is divided by 47?
7
Calculate the remainder when 36802 is